the prime factors of t(9).
5
Let t be 7*(1 + -12)/(-1). Let u = -55 + t. Suppose 0 = -p + 2*b + u, 4*b = 5*p + 6*b - 110. What are the prime factors of p?
2, 11
Suppose 3642*s - 3639*s - 11349 = 0. List the prime factors of s.
3, 13, 97
List the prime factors of 17 + 867 + (4 - 8 - 3).
877
Suppose -4 - 10 = -r. Let k = r - -22. List the prime factors of k.
2, 3
Let o(f) = 799*f + 15. List the prime factors of o(1).
2, 11, 37
Suppose 331 = 2*z + f, -5*z + 311 = -3*z + 5*f. List the prime factors of z.
2, 3, 7
Let a be (-3 - -4)*(2 + 29). Let q = 20 + a. What are the prime factors of q?
3, 17
Suppose -3*l + 13 + 431 = 0. Let o = l - 68. What are the prime factors of o?
2, 5
Let s(p) be the first derivative of -2*p + 0*p**2 + 5 + 5/3*p**3. What are the prime factors of s(2)?
2, 3
Let k(g) = 3*g + 3. Let v be k(1). Let t(s) = 4*s**2 + s - 14. What are the prime factors of t(v)?
2, 17
Suppose -5*q + 3 = -12. Suppose 5*v + 2*o = 124, q*v - 8*v - 3*o + 126 = 0. What are the prime factors of (20/(-6))/((-2)/v)?
2, 5
What are the prime factors of 25912/96 - 20/(-240)?
2, 3, 5
Suppose 0*b = -2*b. Let k = b + 35. What are the prime factors of 10/k - (-276)/14?
2, 5
Let x = -7 - 0. Let r(j) = j**3 + 8*j**2 - 5*j + 3. List the prime factors of r(x).
3, 29
Let q be (9/12)/((-2)/56). Suppose 5*c - 2*c + 2207 = 4*p, 2*c = p - 1478. What are the prime factors of c/q + 6/(-21)?
5, 7
What are the prime factors of 20/230 + 2/(-46)*-50621?
31, 71
Suppose 5*h + 4*x = 553, -3*x = 4*h + h - 551. Let r = 82 + h. List the prime factors of r.
191
Let p(b) = b**3 + 8*b**2 - b + 6. Let f be p(-7). Suppose 6*m + f = 8*m. List the prime factors of m.
31
Suppose 0 = -0*p - 5*p + 160. Let m = 50 + -40. Let b = p - m. What are the prime factors of b?
2, 11
Suppose 314 = -4*x + 42. Suppose 5*w - 3*q - 552 = -2*q, -4*q = -3*w + 338. Let s = w + x. What are the prime factors of s?
2, 3, 7
Let b = -13 - 11. Let d be ((-2)/(-4))/((-6)/b). List the prime factors of 3/d*(-132)/(-18).
11
Let s be (1 - ((-1)/1 - 1)) + -4. What are the prime factors of -4 - 1/s - -145?
2, 71
Let f be 308/14*5/2. Suppose -f + 11 = 2*p. List the prime factors of (-803)/p - (-2)/4.
37
Let k be 18/(-12)*8/(-3). Suppose -k*r + 2*r = -124. What are the prime factors of r?
2, 31
Let q(b) be the third derivative of -b**4/12 + b**3/2 + 10*b**2. What are the prime factors of q(-8)?
19
Let d(w) = w**2 - w + 1. Let a be d(1). Suppose -3*r + 9 = 4*o, 3*o + a + 5 = 2*r. Suppose -36 = -r*z - z. List the prime factors of z.
3
Let f(u) = 11*u. Suppose 156 + 24 = 5*z. Let a = -31 + z. List the prime factors of f(a).
5, 11
Let b = -15 + 19. Let r be ((-2)/b)/(2/184). Let m = -4 - r. What are the prime factors of m?
2, 3, 7
Suppose 5*u = 10*u - 3545. What are the prime factors of u?
709
Let a = -604 + 272. Let s = -235 - a. List the prime factors of s.
97
Let h = -106 + -52. Let g = h + 289. List the prime factors of g.
131
Let m be 96/32*(-1)/(-1 + 0). Let c be (-6 + 2)*2*-4. Suppose m*k = 5*w + c, -3*k - k + 5*w = -51. What are the prime factors of k?
19
Let g be (-4)/8 + 351/2. Suppose -2*a - j = 4*j - 98, -5*a + 5*j + g = 0. What are the prime factors of a?
3, 13
Suppose 2*c + 37 = 361. Suppose 4*z = 66 + c. Suppose 3*d - z = -0*d. List the prime factors of d.
19
Suppose -5*p = -395 - 255. Suppose -5*r = -5*g - p, r - g - 116 = -3*r. Let d = r + -16. What are the prime factors of d?
2, 7
Let n = -1917 + 3971. List the prime factors of n.
2, 13, 79
Let v = 13 - -267. What are the prime factors of v/6 + 2/6?
47
Let j be (19/3 + 2)*-3. Let a = j - -29. Suppose -10 = 2*f, 2*n - a*f = -3*n + 235. List the prime factors of n.
43
Let h = -2218 + 4540. List the prime factors of h.
2, 3, 43
Let o(w) = -w**3 + 4*w**2 + 5*w - 2. Let p(y) = -2*y**2 - 2*y + 1. Let u(c) = -2*o(c) - 5*p(c). Let h be u(1). List the prime factors of 50/2 + 1 + h.
29
Suppose -9*g - 349 = 641. Let v = g + 155. List the prime factors of v.
3, 5
Let d(q) = 38*q**2 - 14*q + 28. Let i be d(8). List the prime factors of i/14 + (-4)/(-14).
2, 3, 7
Let c = 672 + 1043. What are the prime factors of c?
5, 7
Let t = 18 + -16. Suppose t*h + 134 = 3*w - 411, -5*w - 4*h + 901 = 0. List the prime factors of w.
181
Suppose h - 4*h + 7 = 5*i, 0 = -5*i - h + 9. Suppose -4*q - 1 = -f - 4, i*q - 61 = -3*f. What are the prime factors of f?
17
Let m be -1*(-3)/9*-9. What are the prime factors of (m - 29)/(1/(-2))?
2
Suppose 3 = 3*f - 4*a - 2, -4*f + 2*a = 10. Let c be f*6*(-388)/30. Suppose -2*v + 61 = 4*l - 97, 5*v - c = -3*l. List the prime factors of v.
7, 11
Let s be 308/33*72/14. Let j = s - -5. What are the prime factors of j?
53
Let j(m) = -20*m + 117. What are the prime factors of j(-30)?
3, 239
Suppose 5*s - 2*b + 3*b - 46 = 0, 4*b + 32 = 4*s. Let f = 12 - s. Suppose 0 = f*k - 4*o - 72, 62 = k + 4*o + 22. What are the prime factors of k?
2, 7
Let m(r) = 230*r**2 + 9*r + 8. What are the prime factors of m(-2)?
2, 5, 7, 13
Suppose -2*l - 5 = 3*b - l, -3*b - 10 = -4*l. Let r = 13 + b. Let z(v) = v**2 - 8*v - 16. What are the prime factors of z(r)?
17
Suppose 0 = 18*l - 15*l - 4*y - 9212, 5*l - 15310 = -2*y. List the prime factors of l.
2, 383
List the prime factors of (-1055 + -7)/(-2) - 0.
3, 59
Let j(m) = -m**2 - 7*m + 159. What are the prime factors of j(-13)?
3
Suppose -12*o = -3*o - 27. Suppose 113 = o*v - 5*g, v + 5*g = -0*g + 71. List the prime factors of v.
2, 23
Let p(q) = -5*q + 1. Let m(u) = u. Let d(w) = -6*m(w) - p(w). What are the prime factors of d(-3)?
2
Let p = 593 - -119. List the prime factors of p.
2, 89
Let d(j) = 8*j**2 + j. Let c be d(-1). Suppose -c*u + 138 + 16 = 0. List the prime factors of u.
2, 11
Let l(x) = 7*x**3 + 4*x**2 - x - 9. List the prime factors of l(3).
3, 71
What are the prime factors of 1*2285*(12 - 11)?
5, 457
What are the prime factors of (1 + 1 - 4)*101*-1?
2, 101
Suppose 33*p = 414 + 22158. List the prime factors of p.
2, 3, 19
Suppose d - 3998 = -4*f, -5*d + 5005 = 4*f + f. What are the prime factors of f?
3, 37
Suppose 4*b + 318 = 4*v - 186, 5*b = 3*v - 372. Let c = v - -8. List the prime factors of c.
137
Suppose 2478 - 111526 = -43*y. What are the prime factors of y?
2, 317
Let w = -4085 + 6702. What are the prime factors of w?
2617
Let u(g) = g**3 - 5*g**2 + 3. Let b be u(5). Suppose -b*h + 317 + 276 = 4*z, -4*h - 20 = 0. List the prime factors of z.
2, 19
Suppose 2*f - 232 = -4*g, 0 = f + 4*g + g - 107. Let a = f + 50. What are the prime factors of a?
2, 43
List the prime factors of (14 + 2)/(-8 + (-3005)/(-375)).
2, 3, 5
Let f(p) = -203*p. Let k(t) = 1. Let m(j) = f(j) - 2*k(j). List the prime factors of m(-1).
3, 67
Let j = 13 + -29. Let d = j + 22. What are the prime factors of d?
2, 3
Suppose 13*o = 27*o - 2814. List the prime factors of o.
3, 67
Suppose 0 = -4*s + 72 + 96. Let w(r) = -r**2 + 16*r - 50. Let l be w(13). Let k = l + s. What are the prime factors of k?
31
Let q(d) = -9*d**3 - 2*d**2 - 8*d - 3. Let p be q(7). List the prime factors of 34/119 - p/14.
2, 29
Suppose 8*s - 3798 = -446. What are the prime factors of s?
419
Let t be ((-7)/(-14))/((-3)/102). Let l(k) = k**3 + 18*k**2 + 11*k - 10. List the prime factors of l(t).
2, 23
Let x(p) = p**3 - 5*p**2 - 6*p + 5. Let c be x(6). Suppose 3*k - 5*r = 691 - 225, -c*r - 790 = -5*k. What are the prime factors of k?
2, 3
Let f be ((-20)/(-8) - 1)/(2/4). Suppose 686 = 4*c + k + 168, f*c - 3*k - 381 = 0. List the prime factors of c.
3, 43
Let i(u) = 4*u**2 - 4*u - 4. What are the prime factors of i(10)?
2, 89
Let n(m) = 265*m**2 + 2*m - 2. List the prime factors of n(1).
5, 53
Suppose 2*o - 1984 = 3*y, -2*o + 3*y + y = -1982. List the prime factors of o.
5, 199
Let a = -157 - -115. Let n(k) = -3*k**3 + 2*k**2 - 3*k + 1. Let w be n(-3). Let l = a + w. List the prime factors of l.
67
Let b(z) = -2*z. Let h(m) = -1. Let o(l) = -b(l) - 2*h(l). Let r be o(-1). What are the prime factors of -3 + r - -34*1?
31
Let d(n) = n**2 - 13*n - 10. Let a be d(11). Let l = -23 - a. Suppose -l = -3*c + 15. List the prime factors of c.
2
Let c = 29 - -94. Suppose 5*q + 221 = p, -3*q + 3*p - c = -0*q. List the prime factors of (138/(-9))/(10/q).
3, 23
Suppose 4*c = -2*f - 25 + 67, -4*c + 7 = -5*f. Suppose c*x - 10*x = -96. What are the prime factors of x?
2, 3
Let w = 35 - 12. 